ple of 40?
False
Does 35 divide 674?
False
Does 4 divide 357?
False
Is 64 a multiple of 2?
True
Is 9 a factor of 666?
True
Is 81 a factor of 13811?
False
Does 15 divide 2825?
False
Is 2334 a multiple of 54?
False
Does 14 divide 28?
True
Is 3876 a multiple of 10?
False
Does 13 divide 917?
False
Is 353 a multiple of 9?
False
Is 410 a multiple of 36?
False
Is 15 a factor of 2085?
True
Is 162 a factor of 2592?
True
Is 1448 a multiple of 27?
False
Is 7 a factor of 39318?
False
Does 10 divide 250?
True
Is 8 a factor of 41849?
False
Is 146 a factor of 9840?
False
Is 18 a factor of 13878?
True
Is 7945 a multiple of 29?
False
Is 30 a factor of 25740?
True
Does 2 divide 17?
False
Is 178 a factor of 21217?
False
Does 29 divide 19834?
False
Is 2307 a multiple of 107?
False
Does 35 divide 26636?
False
Is 2576 a multiple of 28?
True
Is 54 a factor of 3245?
False
Is 171 a multiple of 25?
False
Is 192 a multiple of 8?
True
Is 1674 a multiple of 18?
True
Is 67925 a multiple of 28?
False
Is 2945 a multiple of 18?
False
Is 13 a factor of 2755?
False
Is 84042 a multiple of 203?
True
Is 42090 a multiple of 10?
True
Is 102 a factor of 6732?
True
Is 8 a factor of 4187?
False
Is 18 a factor of 36?
True
Is 335 a multiple of 5?
True
Does 14 divide 624?
False
Is 2792 a multiple of 8?
True
Is 3892 a multiple of 139?
True
Does 20 divide 264?
False
Is 4 a factor of 155?
False
Does 2 divide 101?
False
Is 808 a multiple of 2?
True
Does 91 divide 9203?
False
Is 4776 a multiple of 53?
False
Is 1738 a multiple of 21?
False
Does 53 divide 8894?
False
Is 18 a factor of 1008?
True
Is 1931 a multiple of 45?
False
Does 292 divide 20732?
True
Is 1097 a multiple of 10?
False
Is 22 a factor of 49016?
True
Is 143 a multiple of 14?
False
Is 682 a multiple of 10?
False
Is 11173 a multiple of 13?
False
Is 1025 a multiple of 14?
False
Is 3 a factor of 40206?
True
Does 52 divide 82056?
True
Does 56 divide 2657?
False
Does 10 divide 11420?
True
Is 5442 a multiple of 31?
False
Is 20 a factor of 140?
True
Is 2861 a multiple of 18?
False
Is 4290 a multiple of 15?
True
Is 20 a factor of 7120?
True
Is 3712 a multiple of 29?
True
Is 12 a factor of 7282?
False
Does 103 divide 7622?
True
Is 1656 a multiple of 12?
True
Is 79 a multiple of 8?
False
Is 29664 a multiple of 32?
True
Is 76430 a multiple of 10?
True
Is 25 a factor of 3808?
False
Is 90 a factor of 3413?
False
Is 17921 a multiple of 10?
False
Is 21 a factor of 6405?
True
Does 6 divide 500?
False
Is 6 a factor of 1296?
True
Does 34 divide 39003?
False
Is 26 a factor of 936?
True
Is 20 a factor of 30420?
True
Is 25336 a multiple of 67?
False
Is 43 a factor of 6794?
True
Does 25 divide 37031?
False
Is 4 a factor of 42228?
True
Does 8 divide 239?
False
Is 7943 a multiple of 47?
True
Is 37352 a multiple of 116?
True
Does 65 divide 7180?
False
Is 145 a factor of 435?
True
Is 3 a factor of 4341?
True
Is 9520 a multiple of 202?
False
Does 24 divide 150648?
True
Is 18 a multiple of 9?
True
Is 2543 a multiple of 17?
False
Is 1249 a multiple of 145?
False
Is 34 a factor of 272?
True
Does 31 divide 1523?
False
Is 46 a factor of 2116?
True
Is 652 a multiple of 8?
False
Is 15 a factor of 5325?
True
Is 235 a factor of 12721?
False
Is 3 a factor of 6003?
True
Is 595 a multiple of 3?
False
Does 77 divide 3719?
False
Is 8640 a multiple of 16?
True
Does 6 divide 42?
True
Does 85 divide 5355?
True
Does 98 divide 31360?
True
Is 7588 a multiple of 4?
True
Is 768 a multiple of 11?
False
Is 3010 a multiple of 27?
False
Is 83 a factor of 3892?
False
Is 5 a factor of 908?
False
Is 25 a factor of 8020?
False
Is 55 a factor of 556?
False
Is 105 a factor of 3570?
True
Does 11 divide 1943?
False
Does 109 divide 4991?
False
Does 11 divide 26005?
False
Is 10 a factor of 1980?
True
Is 21671 a multiple of 16?
False
Is 10 a factor of 3180?
True
Is 94 a factor of 1034?
True
Is 61 a factor of 628?
False
Does 260 divide 11960?
True
Does 7 divide 5549?
False
Is 12 a factor of 167?
False
Does 5 divide 535?
True
Is 2552 a multiple of 27?
False
Is 122 a factor of 6021?
False
Does 19 divide 91?
False
Does 81 divide 567?
True
Does 3 divide 1244?
False
Is 1032 a multiple of 142?
False
Does 20 divide 9520?
True
Is 13 a factor of 58766?
False
Does 12 divide 14993?
False
Is 16613 a multiple of 61?
False
Is 17991 a multiple of 34?
False
Is 2 a factor of 54?
True
Is 19347 a multiple of 20?
False
Does 21 divide 12474?
True
Is 2318 a multiple of 22?
False
Does 50 divide 9471?
False
Is 10 a factor of 666?
False
Does 78 divide 18065?
False
Is 16 a factor of 7504?
True
Is 1725 a multiple of 15?
True
Is 3 a factor of 177?
True
Is 5698 a multiple of 15?
False
Does 19 divide 3438?
False
Is 5 a factor of 1260?
True
Is 136 a multiple of 58?
False
Does 40 divide 6560?
True
Is 77561 a multiple of 9?
False
Does 22 divide 1232?
True
Does 5 divide 16330?
True
Does 69 divide 1104?
True
Is 26 a factor of 68?
False
Does 19 divide 8717?
False
Is 156 a multiple of 13?
True
Does 28 divide 1055?
False
Does 148 divide 88504?
True
Does 22 divide 1829?
False
Is 6923 a multiple of 7?
True
Is 1142 a multiple of 16?
False
Does 24 divide 159?
False
Does 42 divide 672?
True
Is 1053 a multiple of 9?
True
Is 7300 a multiple of 10?
True
Does 5 divide 725?
True
Is 18 a factor of 1476?
True
Is 12292 a multiple of 83?
False
Is 25 a factor of 11625?
True
Is 58 a factor of 290?
True
Does 3 divide 3483?
True
Is 2385 a multiple of 35?
False
Does 9 divide 141?
False
Is 4 a factor of 2400?
True
Is 3714 a multiple of 59?
False
Does 13 divide 5391?
False
Is 8288 a multiple of 14?
True
Is 68 a factor of 6256?
True
Does 13 divide 4459?
True
Is 359 a multiple of 67?
False
Does 30 divide 5844?
False
Is 11 a factor of 502?
False
Does 27 divide 20871?
True
Is 18 a factor of 739?
False
Is 1310 a multiple of 28?
False
Is 209 a multiple of 7?
False
Is 18603 a multiple of 27?
True
Is 13 a factor of 56719?
True
Is 24 a factor of 31824?
True
Is 32 a factor of 320?
True
Does 31 divide 3844?
True
Is 1780 a multiple of 51?
False
Does 19 divide 4692?
False
Does 4 divide 2363?
False
Does 8 divide 1280?
True
Does 62 divide 1116?
True
Is 5740 a multiple of 164?
True
Is 26361 a multiple of 87?
True
Is 63 a factor of 4347?
True
Is 23 a factor of 10258?
True
Is 16531 a multiple of 117?
False
Does 5 divide 195?
True
Is 8091 a multiple of 29?
True
Is 6 a factor of 36?
True
Is 3 a factor of 64?
False
Is 64 a factor of 16256?
True
Is 4 a factor of 544?
True
Is 540 a multiple of 27?
True
Is 1120 a multiple of 28?
True
Is 746 a multiple of 13?
False
Is 77 a multiple of 9?
False
Is 27 a factor of 42943?
False
Is 9 a factor of 7425?
True
Is 1202 a multiple of 7?
False
Is 31 a factor of 530?
False
Is 16 a factor of 1919?
False
Does 7 divide 3213?
True
Does 14 divide 3656?
False
Is 14 a factor of 363?
False
Does 22 divide 2620?
False
Does 133 divide 665?
True
Is 44 a factor of 3652?
True
Does 12 divide 4271?
False
Does 21 divide 6216?
True
Does 25 divide 2850?
True
Is 6431 a multiple of 4?
False
Is 11782 a multiple of 72?
False
Is 3 a factor of 228?
True
Does 87 divide 1566?
True
Is 482 even?
True
Is 10 a factor of 13175?
False
Is 1001 a multiple of 13?
True
Is 6369 a multiple of 11?
True
Does 33 divide 3135?
True
Is 53 a factor of 13217?
False
Does 15 divide 113162?
False
Is 2087 a multiple of 26?
False
Does 22 divide 748?
True
Does 16 divide 6176?
True
Does 9 divide 647?
False
Does 141 divide 2961?
True
Does 20 divide 7310?
False
Is 2573 a multiple of 12?
False
Is 14 a factor of 64416?
False
Is 14 a factor of 9870?
True
Is 23816 a multiple of 52?
True
Is 23 a factor of 22977?
True
Is 17 a factor of 117325?
False
Is 819 a multiple of 9?
True
Does 22 divide 7157?
False
Is 82 a multiple of 7?
False
Is 156 even?
True
Is 12 a factor of 10320?
True
Is 11 a factor of 25766?
False
Is 381 a multiple of 9?
False
Does 14 divide 252?
True
Does 17 divide 1773?
False
Is 21 a factor of 3230?
False
Does 9 divide 78282?
True
Is 7520 a multiple of 76?
False
Does 15 divide 2614?
False
Does 6 divide 2436?
True
Is 65988 a multiple of 108?
True
Is 2397 a multiple of 47?
True
Does 14 divide 8960?
True
Is 47 a factor of 95457?
True
Is 14 a factor of 14863?
False
Does 30 divide 120?
True
Is 4 a factor of 6?
False
Is 721 a multiple of 13?
False
Is 20060 a multiple of 64?
False
Is 24 a